3
Suppose -8 = 2*t, 5*p + t - 4822 = 4*p. List the prime factors of p.
2, 19, 127
Let t(d) = 2*d**2 - 66*d - 2578. List the prime factors of t(-61).
2, 5, 7, 127
Let c(v) = -v**2 - 6*v - 3. Let a be c(-4). Suppose a*l - 2*h = -767, 2*h - 4*h + 147 = -l. What are the prime factors of l*(-4 + (-85)/(-25))?
3, 31
Let t(v) = -5*v**3 - 6*v**2 - 10*v - 37. Let n = 532 - 539. What are the prime factors of t(n)?
2, 727
Let c be ((-1)/(-5) - (-36)/60)*5. Let r be (-324)/(-78) - c - (-4)/(-26). What are the prime factors of ((-4)/(-8))/(1/520 - r)?
2, 5, 13
Let z(s) = 19*s + 108. Let i be z(-9). List the prime factors of (i/27 - -3)*40*21.
2, 5, 7
Suppose -p + 1208 = 4*w - 2*p, -2*w = p - 598. Suppose 0 = -4*x + 2*i - 35 - w, -3*x + 2*i - 253 = 0. Let k = x - -220. List the prime factors of k.
137
Let n(j) = 279*j**2 + 4*j - 2. Let l be n(2). Suppose 0*k - 5*k - 3*c = -1136, -5*k = -4*c - l. List the prime factors of k.
2, 113
Let t = -672 - -3416. List the prime factors of t.
2, 7
Suppose 4*i - 2*a = -38, 3*i + 20 = -2*a + 2. Let c be 1*1*4/i*6. Let v(y) = 4*y**2 + 6*y - 1. List the prime factors of v(c).
17
Let f = 116 + -112. Let d be 6*1*((-8)/(-6))/f. List the prime factors of (285/30)/(d + (-39)/20).
2, 5, 19
Let z(c) = 4*c - 5*c**2 - 40 - 45 + 50*c**3 + 89. What are the prime factors of z(2)?
2, 7
Let x(z) = -z**3 - 4*z**2 + 7*z + 13. Let p be x(-5). Let w(i) = 0*i**p - 3*i + i**3 + 8*i - 14*i**2 - 33 - i**2. List the prime factors of w(15).
2, 3, 7
Let f(h) = -57*h**2 - h + 2. Let b be f(-2). Let g = 712 + b. What are the prime factors of g?
2, 61
Let r(a) = -a**3 + 6*a**2 + 3*a + 32. Let q be r(7). Suppose p = 4*o - 609 - 589, q*o + 4*p = 1188. List the prime factors of o.
13, 23
Let r(k) = 3*k - 12. Let u be r(6). Suppose u*v - 16 = -70. Let x(f) = f**2 + 3*f + 10. List the prime factors of x(v).
2
List the prime factors of (158751/62)/(-3 + (-38)/(-12)).
3, 569
Suppose -1696 = -4*m + 3*m. Suppose 2*a - m = -u - 296, 0 = -2*a + 3*u + 1392. List the prime factors of a.
3, 233
Let w(z) = 45*z**3 - 17*z**2 + 26*z - 61. Let n(o) = -23*o**3 + 9*o**2 - 13*o + 30. Let m(k) = 5*n(k) + 3*w(k). List the prime factors of m(4).
3, 401
Let t(z) = -z - 4. Let o be t(-5). Let r(j) be the first derivative of 14*j**3 + j**2/2 - 2*j + 2103. What are the prime factors of r(o)?
41
Suppose -3*v = 2*w - 148089, -63*w + 148110 = -61*w - 4*v. What are the prime factors of w?
3, 24683
Let t = -13 + 7. Let x be 8/(-12) - 22/t. Suppose -371 = -x*q + 2*a + 2*a, 0 = -2*q + 5*a + 245. List the prime factors of q.
5
Let p(o) = -o**3 - 45*o**2 + 47*o + 44. Let u be p(-46). List the prime factors of (-1)/(6/(-4)*u/(-3771)).
3, 419
Let u(j) = 11479*j**2 - 37*j. List the prime factors of u(-1).
2, 2879
Suppose 0 = 3*b + 12 - 21. Suppose -3*j = b*d - 571 - 1802, -3*j + 3*d = -2361. List the prime factors of j.
3, 263
Let b = 2090 - -1418. List the prime factors of b.
2, 877
Suppose 5*n - 2*h = 3855, 0 = n + h - 852 + 81. Let y = n + 58. List the prime factors of y.
829
Let x = 19895 + -13453. List the prime factors of x.
2, 3221
Suppose -3*d = -4*d - 2*w + 1, -12 = -5*d - 3*w. Let i(o) = -17 - d*o - o + 2*o + 5. List the prime factors of i(-20).
2, 7
Let g = -108 - -111. Suppose n + h - 6*h = -12, -n - g*h + 12 = 0. List the prime factors of (-45)/((-15)/n)*25.
3, 5
Suppose 0 = -4*b + 31029 + 3095. What are the prime factors of b?
19, 449
Let d(s) = 8*s + 165. Let z(c) = -5*c - 166. Let f(m) = 6*d(m) + 5*z(m). List the prime factors of f(26).
2, 379
Let y(s) = -s**3 + 9*s**2 + 28*s - 54. Let g be y(11). Suppose 0 = -3*q + g, -3569 + 69 = -4*x - 5*q. What are the prime factors of x?
2, 3, 5, 29
Suppose -1157 = -91*z + 61 + 511. Let i = -117 - -174. Let y = i + z. What are the prime factors of y?
2, 19
Let k(c) = 12*c + 4451. What are the prime factors of k(-65)?
3671
Let n = 36 - 35. Let p be 2/((0 - n) + 3). List the prime factors of (2*(-9)/(-12) - p)*302.
151
Suppose -4*y = -2*l - 16762, -5*y + 2*l - 11806 + 32760 = 0. What are the prime factors of y?
2, 131
Let k(b) = -b**3 + 44*b**2 + 7*b + 83. List the prime factors of k(18).
89, 97
Suppose -311 = 19*g + 21862. Let c = -643 - g. List the prime factors of c.
2, 131
Suppose -3*h + 865 = -386. What are the prime factors of (-6 - h)*1/(-3)*2?
2, 3, 47
Suppose -6*d + 1 = -5. Suppose 0 = -3*p + 4 - d. What are the prime factors of 1/(((-1)/2)/p) - -217?
5, 43
Suppose 24*t = 7*t - 55430 + 502190. List the prime factors of t.
2, 3, 5, 73
Let i(b) be the second derivative of b**3/6 - 21*b**2/2 - 8*b. Let a be i(14). What are the prime factors of 2/(-7) - (-5)/a - -63?
2, 31
Let x = 82 - 68. Let z = -4 - -4. Suppose x*d - 4*d - 530 = z. What are the prime factors of d?
53
Let h(f) = 309*f - 45. Let g be h(8). Suppose -1566 = -5*p - 2*z, g = 5*p + 5*z + 867. What are the prime factors of p?
2, 157
Let f(m) = -2843*m + 2003. What are the prime factors of f(-6)?
7, 389
Suppose 4*g = -4*i + 24, 5*i + 6 = 6*i - g. Let w(q) = -12*q**3 + 6 - 6*q**2 + 2*q + 25*q**3 - 12*q**3. What are the prime factors of w(i)?
2, 3
Let p = -501 + -183. What are the prime factors of (-1*4)/(12/p)?
2, 3, 19
List the prime factors of -501*(-12 + (-642)/18).
11, 13, 167
Suppose 4*w - 3348 = -5*v, -2*w + 524 + 1148 = 3*v. What are the prime factors of w?
2, 421
Let k(s) = 3*s**2 - 8*s + 8. Suppose 12 = 9*j - 5*j. Let h be k(j). Suppose -h*r = -12*r + 168. What are the prime factors of r?
2, 3, 7
Let i be 1*(11 - (-6)/3*-2). What are the prime factors of 4*5 + (4 - i) + -1?
2
Let g(y) = 3*y**2 + 3*y - 4. Let r(j) = -2*j**2 - 2*j + 2. Let a(w) = 3*g(w) + 5*r(w). Let c be a(6). Let v = 95 + c. What are the prime factors of v?
3, 17
Suppose -15433 = -25*t + 6*t + 976291. What are the prime factors of t?
2, 13049
Let m(y) = 29*y - 27. Let r be m(1). Suppose 3*b + r*s = 1129, 4*s = 12*b - 9*b - 1153. List the prime factors of b.
379
Suppose 33046 = 5*o + 4*v, 5*o - 33088 = -8*v + 11*v. What are the prime factors of o?
2, 3307
Let x = 294 + 363. What are the prime factors of (7 + x/3)*6?
2, 3, 113
Suppose 190*a - 195*a = -735. Suppose 0 = -9*q + a + 168. List the prime factors of q.
5, 7
Suppose -8*f - 126 = -6*f. Let p = 200 + f. What are the prime factors of p?
137
Let a = 27352 + -13731. What are the prime factors of a?
53, 257
Suppose 143*m + 10*m = 217872. List the prime factors of m.
2, 89
Let m(f) = f**3 - 7*f**2 + f + 2. Let o be m(7). Suppose o*v = 3*v. Suppose 2*r + k - 97 = v, -103 - 40 = -3*r + k. List the prime factors of r.
2, 3
Let g(u) = u**3 + 18*u**2 + 331*u - 12. List the prime factors of g(25).
2, 17569
Suppose 1871 = -3*o - 4390. Let y = o + 2984. What are the prime factors of y?
3, 13, 23
Let r(f) = 2*f - 32. Let v be r(14). Let m be ((-12)/18)/(v/30). List the prime factors of ((-4)/m)/((-2)/165).
2, 3, 11
Let v = 81915 - 52014. List the prime factors of v.
3, 9967
Let c(v) = 26*v + 853. What are the prime factors of c(19)?
3, 449
Let j be (-7 - 3380/(-4))*(-2)/4. Let z be j/3 + 6/9. Let q = -46 - z. List the prime factors of q.
3, 31
Let x = 5 + 0. Let c(a) = 4*a - 15. Let r be c(x). Suppose 9*y - r*y = 280. List the prime factors of y.
2, 5, 7
Let q be -4 - (4/(-10))/(2/470). Let h = 92 - q. Suppose h*i + f = 422, -f = i + f - 217. List the prime factors of i.
11, 19
Let f = -894 - -1649. Suppose 9*v - 5372 = -f. List the prime factors of v.
3, 19
Let d(j) = 9307*j**2 + 17*j + 20. List the prime factors of d(-1).
2, 5, 7, 19
Let w(b) = 11*b**3 + 1. Let i = -465 + 468. What are the prime factors of w(i)?
2, 149
Suppose -16024 = -o - 3*z, -12*o - 80072 = -17*o + z. List the prime factors of o.
5, 3203
Suppose 10*o - 9*o - 1 = 0, 0 = -5*n + 5*o + 8555. Let g = n + -1203. List the prime factors of g.
509
Let m be (-39)/312 + (-82)/(-16). List the prime factors of (2 + 1 - (3 - m)) + 133.
2, 3, 23
Let c(k) = -64*k + 1240. What are the prime factors of c(-17)?
2, 3, 97
Let y(j) = -j**2 + 10*j + 15698. List the prime factors of y(0).
2, 47, 167
Let w = -5663 - -5621. Suppose 0 = -5*h + 263 + 277. Let x = w + h. List the prime factors of x.
2, 3, 11
Suppose -6 = 2*g, 1019 = 2*t + 11*g - 10*g. Let z = t + -280. List the prime factors of z.
3, 7, 11
Suppose 0 = 31*k - 4*k - 34911 - 57186. List the prime factors of k.
3, 379
Let n(w) = -w**3 - 11*w**